 when 135 is divided by 8.
7
Calculate the remainder when 509 is divided by 66.
47
Calculate the remainder when 1767 is divided by 353.
2
What is the remainder when 604 is divided by 109?
59
What is the remainder when 48 is divided by 3?
0
What is the remainder when 16 is divided by 11?
5
What is the remainder when 118 is divided by 57?
4
What is the remainder when 2438 is divided by 9?
8
Calculate the remainder when 644 is divided by 299.
46
What is the remainder when 196 is divided by 146?
50
What is the remainder when 30 is divided by 18?
12
Calculate the remainder when 69 is divided by 10.
9
Calculate the remainder when 10258 is divided by 87.
79
What is the remainder when 105 is divided by 28?
21
Calculate the remainder when 1256 is divided by 90.
86
What is the remainder when 2332 is divided by 55?
22
What is the remainder when 285 is divided by 32?
29
Calculate the remainder when 1222 is divided by 13.
0
What is the remainder when 203 is divided by 13?
8
Calculate the remainder when 137 is divided by 4.
1
Calculate the remainder when 7295 is divided by 38.
37
What is the remainder when 165 is divided by 107?
58
What is the remainder when 815 is divided by 265?
20
Calculate the remainder when 7067 is divided by 75.
17
What is the remainder when 189 is divided by 12?
9
What is the remainder when 2087 is divided by 48?
23
Calculate the remainder when 120 is divided by 21.
15
What is the remainder when 674 is divided by 220?
14
What is the remainder when 103 is divided by 35?
33
Calculate the remainder when 6041 is divided by 13.
9
What is the remainder when 582 is divided by 269?
44
What is the remainder when 159 is divided by 35?
19
Calculate the remainder when 339 is divided by 114.
111
Calculate the remainder when 2554 is divided by 35.
34
Calculate the remainder when 777 is divided by 202.
171
What is the remainder when 723 is divided by 148?
131
Calculate the remainder when 48 is divided by 2.
0
Calculate the remainder when 43 is divided by 15.
13
Calculate the remainder when 106 is divided by 49.
8
What is the remainder when 2169 is divided by 99?
90
Calculate the remainder when 1210 is divided by 12.
10
Calculate the remainder when 319 is divided by 13.
7
What is the remainder when 159 is divided by 11?
5
What is the remainder when 235 is divided by 135?
100
Calculate the remainder when 1023 is divided by 37.
24
Calculate the remainder when 63 is divided by 18.
9
Calculate the remainder when 3607 is divided by 22.
21
Calculate the remainder when 460 is divided by 46.
0
Calculate the remainder when 137 is divided by 24.
17
What is the remainder when 10221 is divided by 213?
210
Calculate the remainder when 82 is divided by 6.
4
What is the remainder when 166 is divided by 38?
14
What is the remainder when 2830 is divided by 16?
14
What is the remainder when 27 is divided by 2?
1
What is the remainder when 36 is divided by 19?
17
What is the remainder when 298 is divided by 128?
42
Calculate the remainder when 2767 is divided by 1378.
11
Calculate the remainder when 99 is divided by 95.
4
Calculate the remainder when 400 is divided by 107.
79
What is the remainder when 1101 is divided by 9?
3
Calculate the remainder when 118 is divided by 44.
30
Calculate the remainder when 349 is divided by 13.
11
Calculate the remainder when 2423 is divided by 40.
23
Calculate the remainder when 5694 is divided by 67.
66
What is the remainder when 434 is divided by 61?
7
Calculate the remainder when 4024 is divided by 33.
31
What is the remainder when 115 is divided by 35?
10
What is the remainder when 59 is divided by 21?
17
What is the remainder when 493 is divided by 124?
121
What is the remainder when 931 is divided by 117?
112
Calculate the remainder when 315 is divided by 26.
3
What is the remainder when 651 is divided by 60?
51
Calculate the remainder when 49 is divided by 11.
5
Calculate the remainder when 772 is divided by 52.
44
What is the remainder when 320 is divided by 36?
32
Calculate the remainder when 8337 is divided by 43.
38
What is the remainder when 171 is divided by 45?
36
What is the remainder when 560 is divided by 17?
16
Calculate the remainder when 44 is divided by 36.
8
What is the remainder when 798 is divided by 113?
7
Calculate the remainder when 3921 is divided by 74.
73
What is the remainder when 264 is divided by 11?
0
Calculate the remainder when 332 is divided by 19.
9
Calculate the remainder when 104 is divided by 16.
8
Calculate the remainder when 67 is divided by 17.
16
Calculate the remainder when 865 is divided by 4.
1
What is the remainder when 984 is divided by 118?
40
Calculate the remainder when 393 is divided by 86.
49
Calculate the remainder when 211 is divided by 10.
1
Calculate the remainder when 53 is divided by 18.
17
Calculate the remainder when 273 is divided by 51.
18
What is the remainder when 365 is divided by 41?
37
What is the remainder when 7045 is divided by 243?
241
What is the remainder when 17 is divided by 14?
3
Calculate the remainder when 112 is divided by 84.
28
What is the remainder when 3296 is divided by 77?
62
What is the remainder when 132 is divided by 15?
12
Calculate the remainder when 2346 is divided by 261.
258
Calculate the remainder when 55 is divided by 27.
1
Calculate the remainder when 368 is divided by 82.
40
What is the remainder when 514 is divided by 56?
10
What is the remainder when 359 is divided by 19?
17
What is the remainder when 375 is divided by 21?
18
Calculate the remainder when 81 is divided by 30.
21
What is the remainder when 657 is divided by 12?
9
Calculate the remainder when 738 is divided by 148.
146
What is the remainder when 234 is divided by 8?
2
Calculate the remainder when 128 is divided by 24.
8
Calculate the remainder when 6901 is divided by 49.
41
Calculate the remainder when 335 is divided by 31.
25
Calculate the remainder when 6415 is divided by 109.
93
Calculate the remainder when 747 is divided by 152.
139
What is the remainder when 1858 is divided by 13?
12
What is the remainder when 657 is divided by 33?
30
What is the remainder when 158 is divided by 32?
30
What is the remainder when 54 is divided by 21?
12
What is the remainder when 3573 is divided by 48?
21
Calculate the remainder when 2286 is divided by 79.
74
Calculate the remainder when 809 is divided by 34.
27
What is the remainder when 162 is divided by 10?
2
What is the remainder when 8377 is divided by 20?
17
Calculate the remainder when 20195 is divided by 54.
53
Calculate the remainder when 1508 is divided by 717.
74
Calculate the remainder when 174 is divided by 83.
8
Calculate the remainder when 201 is divided by 93.
15
What is the remainder when 147 is divided by 22?
15
What is the remainder when 168 is divided by 29?
23
Calculate the remainder when 838 is divided by 120.
118
What is the remainder when 6648 is divided by 95?
93
What is the remainder when 1389 is divided by 13?
11
What is the remainder when 586 is divided by 21?
19
Calculate the remainder when 91 is divided by 81.
10
What is the remainder when 11285 is divided by 38?
37
What is the remainder when 4205 is divided by 23?
19
What is the remainder when 55 is divided by 39?
16
What is the remainder when 1951 is divided by 93?
91
Calculate the remainder when 421 is divided by 47.
45
Calculate the remainder when 3226 is divided by 28.
6
Calculate the remainder when 417 is divided by 15.
12
Calculate the remainder when 40 is divided by 6.
4
What is the remainder when 191 is divided by 102?
89
Calculate the remainder when 77 is divided by 56.
21
What is the remainder when 277 is divided by 112?
53
Calculate the remainder when 63 is divided by 32.
31
What is the remainder when 152 is divided by 41?
29
What is the remainder when 53 is divided by 39?
14
Calculate the remainder when 473 is divided by 84.
53
Calculate the remainder when 1052 is divided by 27.
26
What is the remainder when 150 is divided by 65?
20
Calculate the remainder when 927 is divided by 85.
77
Calculate the remainder when 899 is divided by 41.
38
What is the remainder when 5928 is divided by 10?
8
Calculate the remainder when 474 is divided by 81.
69
What is the remainder when 1005 is divided by 488?
29
Calculate the remainder when 2415 is di